ommon factor of 36 and j.
4
Suppose -3*r + 22 + 2 = 0. Let k be 20/r*10*10. Suppose -6*f + k = -f. Calculate the greatest common divisor of f and 10.
10
Let n(u) = u**2 - 4*u + 10. Let k = 60 - 57. Let x be n(k). Calculate the greatest common factor of x and 91.
7
Let a = 2995 - 2723. Calculate the greatest common factor of 85 and a.
17
Let i(p) = p**2 + 18*p + 92. Let h be i(-17). Calculate the greatest common divisor of h and 100.
25
Let j be 8/(-12) + (-1634)/(-3). Calculate the highest common divisor of j and 68.
68
Suppose 13*f - 3399 = 1398. What is the greatest common divisor of 82 and f?
41
Let t = 33 - 8. Suppose -2*v + 25 = -t. Calculate the highest common divisor of 5 and v.
5
Suppose 27 = p - 0*p. Suppose -231*t + 229*t = 44. Let h = t + p. What is the highest common factor of h and 25?
5
Let t = 15 + -15. Suppose -4*a + 9*a = t. Suppose 4*g + g - 165 = a. What is the greatest common factor of 297 and g?
33
Suppose 12*p = 4*p - 32. Let j be -2*((-35)/15)/(p/(-18)). What is the highest common factor of 21 and j?
21
Suppose 5*p - 238 = -2*n, 3*n - 249 = -4*p - 60. Suppose 0 = 13*d - 15*d + 8. Suppose -d*k = -17 - 7. What is the greatest common divisor of p and k?
6
Let v be ((-24)/(-16))/(3/(-2)). Let n be ((-38)/(-1) - v) + -6 + 3. Calculate the greatest common factor of n and 9.
9
Suppose -2*s + w + 9 = 0, -3*s + 2*w + 9 = -5. Let g(b) = -b**2 - 5*b + 6. Let m be g(-8). Let v = m - -26. Calculate the greatest common factor of v and s.
4
Let m be (-13)/(-1) + (39 - 44). What is the highest common divisor of m and 1?
1
Suppose 4*b + 5100 = 21*b. Calculate the highest common factor of b and 180.
60
Let l = -52 + 30. Let i = 29 - l. Calculate the highest common factor of 34 and i.
17
Let c(q) be the first derivative of 3*q**2/2 - 20*q + 39. Let g be c(25). What is the highest common divisor of 33 and g?
11
Let v(n) = n + 65. Let a be v(7). Calculate the highest common factor of a and 24.
24
Let r(o) = -o**2 + 5*o + 8. Let q be r(6). Suppose -5*i + 3*b - 3 + 51 = 0, 12 = -3*i - 5*b. What is the greatest common divisor of i and q?
2
Let o(v) = 4*v**2 + 5*v - 9. Let k be o(3). Let z = 3 - -2. Suppose 0*n + n = -3*i + 19, -3*i = z*n - 47. Calculate the highest common factor of n and k.
7
Let l be -8 + -1*(-3)/3. Let c be 2/l - (-4012)/(-119). Let v be c/(-153) + 356/18. Calculate the highest common divisor of v and 180.
20
Let h = 302 + -250. What is the greatest common factor of h and 494?
26
Let n(z) = 2*z + 9. Let i be n(7). Let k(w) = 4*w**2 - 3*w - 3. Let g be k(6). Let f = g - i. What is the highest common factor of 25 and f?
25
Let g = -32 + 34. Suppose r + 2*t - 96 = 0, r - 5*r + g*t = -354. What is the greatest common divisor of 60 and r?
30
Let d = 345 - 324. Calculate the greatest common divisor of d and 273.
21
Let b = 1042 - 592. What is the greatest common factor of 180 and b?
90
Suppose -7*b + 2*b + 1161 = h, 0 = b + 4*h - 236. Suppose 2*j - 4*c = b, -j - 362 = -4*j - c. What is the highest common factor of 24 and j?
24
Suppose -5*k + 79 = -2*l, 5*l - 50 = -0*k - 4*k. Let z = 6 + -1. Let t be 3/z + 51/k. Calculate the greatest common factor of t and 10.
2
Let w = 20 + -12. Suppose 49 = 29*u - 38. Let c = w - u. What is the highest common factor of 45 and c?
5
Suppose 89 = 2*w + 5*o + 15, -5*w + 3*o + 123 = 0. Let z(i) = -13*i + 35. Let b be z(7). Let y = 59 + b. What is the greatest common divisor of y and w?
3
Suppose 2*d - 30 = -d. Let t be (-2)/(-3 + 0 + 15/6). Calculate the greatest common divisor of t and d.
2
Let j(n) = 109*n**3 + n. Let g be j(1). Suppose 56 = 21*h - 154. Let z(t) = -t + 54. Let p be z(h). What is the greatest common divisor of p and g?
22
Suppose -3*v + 5*l = 6, -l + 2 = -1. Suppose -2*g + 13 - v = 0. Let q be 1/1 - (-8)/2. What is the highest common divisor of g and q?
5
Let x(w) = w**2 - 180*w + 6176. Let u be x(134). Let k be 1 + (1 - -55*1). Suppose t - k = 27. Calculate the highest common divisor of t and u.
12
Suppose 13 = 3*a - 2*w, 4*a - 5*w - 29 = -0*w. Let l be (a*4/6)/((-3)/(-36)). What is the highest common factor of 56 and l?
8
Let h(t) be the second derivative of -t**3/2 + 31*t**2/2 + 5*t. Let j be h(10). Calculate the highest common factor of 7 and j.
1
Let c(k) = 19*k - 27. Let y be c(3). Calculate the greatest common divisor of 9 and y.
3
Suppose -9 = -2*d - 3*v, 2*v - 3*v + 3 = 0. Let y be (-3)/(-1 - 1/(-4)). Suppose d*c + 20 = y*c. Calculate the highest common factor of c and 25.
5
Let r(t) be the first derivative of t**3/3 + t**2 - 5*t + 4. Let y be r(3). What is the greatest common divisor of 10 and y?
10
Suppose 1181 + 343 = -6*a. Let m = -174 - a. What is the greatest common factor of m and 10?
10
Suppose 4*b - 7*b = -9, -5*r + 5*b = -160. What is the highest common factor of r and 77?
7
Let v(m) = -2*m - 4. Let k = -12 + 2. Let b be k + 0 + -4 + 7. Let n be v(b). What is the highest common factor of 30 and n?
10
Suppose s - 4*s = -3*r + 171, 6 = -3*s. Suppose 10*t - 5*t = r. What is the highest common divisor of t and 77?
11
Let q = 12 + -6. Let r = 31 + -21. Let f = r - 9. What is the highest common divisor of f and q?
1
Suppose -q = 5*v + 85, 2*q - v + 5*v = -176. Let b be (-76)/(-10)*-1*5. Let w = b - q. Calculate the greatest common divisor of 130 and w.
26
Suppose 5*x - 5*j + 7*j - 656 = 0, -4*x + 538 = -5*j. What is the highest common factor of x and 30?
6
Suppose -99 = -2*w + 5*c, -2*c + 15 + 124 = 3*w. What is the highest common divisor of 517 and w?
47
Let u = 0 + -2. Let v be (-34)/u - (-1 + -2). Suppose 640 - 220 = 3*t. Calculate the highest common factor of t and v.
20
Let g(r) = -2*r**2 + 8*r + 1. Let z(x) = -x + 1. Let j(d) = -g(d) - 6*z(d). Let y be j(-6). Calculate the greatest common divisor of y and 11.
11
Let m be (((-42)/(-7))/(-18))/(1/(-12)). Suppose -2*u - 32 = -2*g - m*u, -3*u + 9 = 0. What is the highest common divisor of g and 13?
13
Let v(s) = -6*s - 20. Let k be v(-16). Let h = k - 28. Let q be 1/3 - (-142)/6. Calculate the highest common factor of h and q.
24
Suppose -4*z + 16 = 0, -3*h - 3*z + 0 = -15. Suppose 14 = 5*s - h. Suppose -s*b - 4*a = -43, -1 = b + 4*a - 2. What is the greatest common divisor of 3 and b?
3
Suppose -92*u = -102*u + 90. Suppose 4*k = 313 + 227. Calculate the greatest common divisor of u and k.
9
Let h = -837 + 847. Calculate the greatest common factor of h and 160.
10
Suppose 0 = -5*q - c + 1558, 2*c + 1250 = 4*q + c. Calculate the highest common factor of q and 546.
78
Let m be -2*((-80)/3 - (-2)/3). Let r = -31 + m. What is the greatest common factor of 7 and r?
7
Suppose 10*q - 5*q = 70. Suppose -x - 5*n = -28, -5*x + n + 22 + q = 0. What is the highest common divisor of 56 and x?
8
Let k(q) = q**3 + 4*q**2 + 2*q + 12. Let n be k(-3). Let b = 25 - n. Calculate the highest common divisor of 90 and b.
10
Suppose 6*z = -4*q + 4*z + 108, -2*q + 3*z + 54 = 0. Calculate the highest common factor of 297 and q.
27
Suppose -5*g = -4*g. Suppose -4*y + 10 = -i, g*i = -3*y - 2*i + 13. Suppose y*c - 478 = -73. Calculate the greatest common divisor of c and 15.
15
Let s(r) = -34*r - 373. Let u be s(-12). What is the highest common factor of 91 and u?
7
Suppose -248 = -2*m - 4*y, 0 = -3*m + 7*m + y - 517. Suppose a - 22 = u + 10, m = 4*a - 5*u. Calculate the highest common divisor of 120 and a.
30
Let b be (1 + (-6)/(-3))*2/6. Let c be (14/(-4)*4)/(b/(-1)). Calculate the greatest common divisor of 70 and c.
14
Suppose -4*h = 5*p - 120, -4*h + 2*p + 43 = -49. Calculate the highest common divisor of h and 30.
5
Suppose -3*c + b = -4, 3*b + 12 = -0*b. Suppose 2*a - 4*a - 5*k + 98 = c, 222 = 5*a + k. Calculate the highest common divisor of a and 11.
11
Let l be (-58)/(-4) - 27/18. Let y(i) = i - 5. Let u be y(l). What is the highest common factor of u and 2?
2
Let h(g) = -404*g - 26. Let z be h(-1). What is the highest common divisor of z and 14?
14
Let t be (-2)/5 + 4/10. Suppose t = c - 4*c + 12. Let p = c - 0. Calculate the greatest common divisor of p and 10.
2
Let k be 8/(-2)*(2 + -12). Suppose 0 = -8*p + 12*p - 240. Calculate the greatest common factor of k and p.
20
Suppose -360 = 3*v - 6*v. Suppose -6*p = -4*p - v. Calculate the highest common factor of 150 and p.
30
Suppose 12*n + 1550 = 2198. Calculate the greatest common f